-1466460
In base 14, what is -498 + -264a?
-2b04
In base 4, what is -23103 - 232002?
-321111
In base 8, what is -1514314 - 41?
-1514355
In base 6, what is 4153302 - -5?
4153311
In base 12, what is 10b76414 - 1?
10b76413
In base 8, what is 20622770 + -311?
20622457
In base 15, what is -2bcb + 26d2?
-4e9
In base 6, what is 335 + 1353233?
1354012
In base 10, what is 11716 + -22516?
-10800
In base 16, what is 333195 - 5?
333190
In base 7, what is -20416662 - 34?
-20420026
In base 4, what is -3 - 1211221013022?
-1211221013031
In base 8, what is -3643 - -2677?
-744
In base 12, what is -9624421 - -12?
-962440b
In base 3, what is 1122120210 + -1211?
1122111222
In base 13, what is 186 + 129ab7?
129c70
In base 10, what is -976 - 3014?
-3990
In base 6, what is -3 - 2223051302?
-2223051305
In base 11, what is 440 - -54245?
54685
In base 3, what is 2111002201212100122 - -11?
2111002201212100210
In base 15, what is -c4ea + 2dd?
-c20c
In base 15, what is 29 + -3749b?
-37472
In base 15, what is -122512 - 9?
-12251b
In base 6, what is 2413 - -152500052?
152502505
In base 2, what is -100 + 110100011111000000110?
110100011111000000010
In base 10, what is 207342319 - -3?
207342322
In base 10, what is 2 - -5637613?
5637615
In base 8, what is 25 - 1530322?
-1530275
In base 16, what is 47317 + -19?
472fe
In base 15, what is a19 + -5898?
-4d7e
In base 9, what is 140714 - -2862?
143676
In base 3, what is 210210002 - 2221101?
200211201
In base 9, what is -2518272 + -1?
-2518273
In base 8, what is 115170 - 212?
114756
In base 9, what is 0 + -38063155?
-38063155
In base 8, what is -1001261 + 6?
-1001253
In base 4, what is -1310222 - 20001312?
-21312200
In base 11, what is -3437 - 36298?
-39724
In base 5, what is -311001300 - 4333?
-311011133
In base 10, what is 176 + 14543?
14719
In base 5, what is 202102202 + -4021?
202043131
In base 14, what is a305053 - 2?
a305051
In base 14, what is -80133 + -14?
-80147
In base 4, what is -3203 + 123022122?
123012313
In base 14, what is -18d + -d9b8?
-db67
In base 12, what is 28bb5 - 1a?
28b97
In base 15, what is -353 + ca64?
c711
In base 16, what is 2 - -28d9c7?
28d9c9
In base 4, what is 3102322 + -1001321?
2101001
In base 10, what is -5777298 - -116?
-5777182
In base 15, what is -147343d - -1?
-147343c
In base 9, what is -4767637 - -4?
-4767633
In base 6, what is 154525 + -321440?
-122511
In base 5, what is -32 + -21000124102?
-21000124134
In base 11, what is -29a + 2a8898?
2a85a9
In base 12, what is 96b4 - 1472?
8242
In base 11, what is 48 + -3a072?
-3a025
In base 10, what is 435 + 710?
1145
In base 13, what is 8 + 608b8cb?
608b906
In base 8, what is 20041347 - -4?
20041353
In base 6, what is -124 + -30041212?
-30041340
In base 9, what is 3526 + 5036?
8563
In base 2, what is 100000011000101100110100001101 - -101?
100000011000101100110100010010
In base 10, what is -4972767 + 4?
-4972763
In base 9, what is 8264 + 32840?
42214
In base 6, what is 23054554 - 2423?
23052131
In base 9, what is 1427 + 261576?
263114
In base 15, what is -9 + -62c98?
-62ca2
In base 9, what is -1 - -68286405?
68286404
In base 8, what is 212141305 + 3?
212141310
In base 10, what is 39 - 1094?
-1055
In base 2, what is -10010011 - -11011000001000?
11010101110101
In base 3, what is -202100112021 - 121?
-202100112212
In base 10, what is -1 + -334609?
-334610
In base 5, what is 2400034314 - 10?
2400034304
In base 11, what is -68539453 + 10?
-68539443
In base 5, what is 12 + -430303433?
-430303421
In base 11, what is 1a096a71 + 4?
1a096a75
In base 5, what is 1142141231 - -1?
1142141232
In base 14, what is 4 - -316ccc6?
316ccca
In base 13, what is -171865a - -6?
-1718654
In base 4, what is -130332133110222 + -1?
-130332133110223
In base 12, what is 4 - -22556944?
22556948
In base 4, what is -10332222 + -101233?
-11100121
In base 16, what is 3 - -3a5a5ec?
3a5a5ef
In base 9, what is 3737 - -40513?
44351
In base 13, what is a56c6 - -79?
a5772
In base 13, what is -1b4c - -3013?
1194
In base 8, what is -211651 - -4447?
-205202
In base 6, what is 2 + 512340202?
512340204
In base 8, what is 21 - -7421571?
7421612
In base 14, what is 2d + 87308?
87337
In base 12, what is 727 + 19804?
1a32b
In base 15, what is -1 - -2e77597?
2e77596
In base 14, what is -206a + -22b?
-2297
In base 2, what is 11 - -11011111001010010101?
11011111001010011000
In base 8, what is -3014 - -15302?
12266
In base 2, what is 1000 + 101011000011010110010001?
101011000011010110011001
In base 4, what is 13 + 10001303103131?
10001303103210
In base 15, what is -7 + 43d50?
43d48
In base 8, what is -104020202 - 4?
-104020206
In base 2, what is 1001011 + -111111111111011100?
-111111111110010001
In base 14, what is -12754 - -1795?
-10d9d
In base 5, what is 2 - -32232303123?
32232303130
In base 7, what is -15352 + 16502?
1120
In base 11, what is 17 - 4502342?
-4502326
In base 5, what is 200422102 + -1?
200422101
In base 9, what is 14 - 257087?
-257073
In base 5, what is -34431202 - -34?
-34431113
In base 8, what is 110446134 + -4?
110446130
In base 6, what is 1425454442 + -2?
1425454440
In base 3, what is 21102 + 1111122020210?
1111122112012
In base 8, what is 154234 - -10377?
164633
In base 5, what is -111140210241 + 10?
-111140210231
In base 10, what is -16084 + -41566?
-57650
In base 3, what is 11 - 100211002211012?
-100211002211001
In base 14, what is 96d93 - 5?
96d8c
In base 2, what is -100000011001110101111 - 1000?
-100000011001110110111
In base 6, what is 340045254 + -13?
340045241
In base 13, what is -226643a8b + 4?
-226643a87
In base 14, what is 3c95a + 66?
3c9c2
In base 10, what is -12423087 - -5?
-12423082
In base 6, what is -34 - 1111532?
-1112010
In base 5, what is 232 + 13124342?
13130124
In base 8, what is 244344735 + 2?
244344737
In base 9, what is 146 + 215532?
215678
In base 2, what is -10000101011010000111110 - -1000100?
-10000101011001111111010
In base 9, what is 202643568 - -2?
202643571
In base 13, what is 1c8473 - b?
1c8465
In base 11, what is 24 + -1072a?
-10706
In base 15, what is 19 - -3bc8c6?
3bc8e0
In base 10, what is 9578201 - -21?
9578222
In base 7, what is -1033 - 1036361?
-1040424
In base 13, what is -1b9a800 - 4?
-1b9a804
In base 2, what is -11001100 - -1000001011101101?
1000001000100001
In base 3, what is -1010101002 + -101122?
-1010202201
In base 13, what is 5 - -4983298?
49832a0
In base 4, what is -2323311220 + -100?
-2323311320
In base 3, what is 200220211210022 + 0?
200220211210022
In base 14, what is 5 + 468c774?
468c779
In base 15, what is 1 + -19bcd8b?
-19bcd8a
In base 7, what is 6115024 + -10?
6115014
In base 15, what is -4c57ee5 + -1b?
-4c58011
In base 4, what is -1003 - 21121303010?
-21121310013
In base 12, what is 7499 - 864?
6835
In base 5, what is -323103 + -2024323?
-2402431
In base 12, what is 0 + -4211a7?
-4211a7
In base 9, what is -115276 - 318?
-115605
In base 11, what is -4 - 583262a0?
-583262a4
In base 5, what is -4 - -31131034?
31131030
In base 16, what is 1 + -b2a9c8?
-b2a9c7
In base 11, what is -29713 - 67a?
-2a292
In base 5, what is 11242 - -22322?
34114
In base 9, what is 7 - 1078738?
-1078731
In base 2, what is 110 - 111000001100101?
-111000001011111
In base 14, what is 359008 - -2?
35900a
In base 12, what is -751 + -11904?
-12455
In base 6, what is -1342210 - 1211?
-1343421
In base 14, what is da + a1936?
a1a32
In base 14, what is -c09203 - 6?
-c09209
In base 15, what is -1649 + 8e1?
-c58
In base 10, what is -1 + -911421?
-911422
In base 4, what is -11322301301 + 31?
-11322301210
In base 2, what is -11010 - 1010111001001100101011?
-1010111001001101000101
In base 10, what is -53 - -2031932?
2031879
In base 11, what is -42a50 - 174?
-43114
In base 10, what is -3132950 + -61?
-3133011
In base 13, what is -19a4c049 - -3?
-19a4c046
In base 2, what is -1 + -11001110110110010101101?
-11001110110110010101110
In base 5, what is -114023443114 - -2?
-114023443112
In base 8, what is 23305121 - -5?
23305126
In base 5, what is -10 + 1022133203?
1022133143
In base 7, what is 24465 + 3664?
31462
In base 11, what is -a381 - -4896?
-5596
In base 14, what is 2ca55ad6 + 5?
2ca55adb
In base 9, what is -4012662357 - 5?
-4012662363
In base 4, what is 30000011113 - 23?
30000011030
In base 6, what is -132324 - -253335?
121011
In base 14, what is -5b13c8 - -2?
-5b13c6
In b